055?
False
Is 141512 a multiple of 196?
True
Is 1116 a factor of 2531683?
False
Is 1615409 a multiple of 1009?
True
Does 246 divide 2466558?
False
Is 250 a factor of 2417204?
False
Does 272 divide 1295884?
False
Is 8 a factor of 6248477?
False
Is 244241 a multiple of 467?
True
Is 39 a factor of 1079173?
False
Is 3999828 a multiple of 14?
True
Does 11 divide 126929?
True
Does 30 divide 456090?
True
Is 1252384 a multiple of 96?
False
Is 1293457 a multiple of 59?
True
Is 30 a factor of 502080?
True
Is 6937597 a multiple of 547?
False
Does 120 divide 96109?
False
Is 13 a factor of 576591?
False
Is 273105 a multiple of 15?
True
Is 151 a factor of 100264?
True
Is 94 a factor of 471316?
True
Is 1472181 a multiple of 47?
True
Is 60 a factor of 8170260?
True
Does 168 divide 962593?
False
Is 16 a factor of 824624?
True
Does 134 divide 211050?
True
Is 12432253 a multiple of 52?
False
Is 29 a factor of 324765?
False
Is 3403646 a multiple of 35?
False
Is 5 a factor of 3108516?
False
Does 211 divide 52539?
True
Is 361659 a multiple of 280?
False
Is 5 a factor of 8793030?
True
Is 10280448 a multiple of 72?
True
Is 53 a factor of 24380?
True
Does 2 divide 28736?
True
Does 95 divide 1617024?
False
Is 8 a factor of 64967?
False
Is 27 a factor of 804222?
True
Is 29056650 a multiple of 8?
False
Is 15 a factor of 844095?
True
Is 479859 a multiple of 17?
True
Is 389 a factor of 245459?
True
Does 16 divide 2844948?
False
Is 15 a factor of 89535?
True
Does 205 divide 1112110?
False
Is 88392 a multiple of 72?
False
Does 33 divide 2540373?
True
Is 476 a factor of 12238663?
False
Is 2167615 a multiple of 477?
False
Is 437 a factor of 5125671?
False
Does 75 divide 80100?
True
Does 132 divide 21219?
False
Is 317273 a multiple of 98?
False
Is 356 a factor of 1659334?
False
Is 472578 a multiple of 75?
False
Is 74 a factor of 777518?
True
Does 13 divide 234776?
False
Does 3 divide 40300?
False
Does 19 divide 200300?
False
Is 101 a factor of 314999?
False
Is 163150 a multiple of 251?
True
Is 128 a factor of 457595?
False
Is 19 a factor of 73693?
False
Is 201794 a multiple of 19?
False
Is 4164996 a multiple of 417?
True
Is 49200 a multiple of 16?
True
Does 21 divide 29421?
True
Is 17793426 a multiple of 7?
True
Is 11 a factor of 53570?
True
Is 740 a factor of 933140?
True
Is 6 a factor of 183243?
False
Is 285760 a multiple of 320?
True
Is 64 a factor of 8109782?
False
Is 3 a factor of 22295?
False
Is 474 a factor of 5546004?
False
Does 16 divide 4083600?
True
Does 57 divide 239172?
True
Is 245518 a multiple of 4?
False
Is 98835 a multiple of 33?
True
Is 150 a factor of 187560?
False
Does 259 divide 769489?
True
Is 33 a factor of 5506980?
False
Is 276794 a multiple of 148?
False
Does 88 divide 1077168?
False
Is 1363191 a multiple of 82?
False
Is 8425015 a multiple of 5?
True
Is 12 a factor of 256419?
False
Is 1137 a factor of 6060210?
True
Is 47 a factor of 124986?
False
Is 4745103 a multiple of 1725?
False
Does 46 divide 36570?
True
Is 2422 a factor of 17043614?
True
Does 80 divide 411432?
False
Is 1631177 a multiple of 43?
False
Does 178 divide 40406?
True
Is 965502 a multiple of 16?
False
Is 210798 a multiple of 49?
True
Is 89 a factor of 21812?
False
Does 26 divide 140509?
False
Is 222801 a multiple of 20?
False
Does 72 divide 87508?
False
Is 678 a factor of 3146732?
False
Is 416 a factor of 442262?
False
Does 13 divide 399093?
False
Is 25 a factor of 158541?
False
Is 1448739 a multiple of 10?
False
Is 9660060 a multiple of 54?
True
Is 2267616 a multiple of 16?
True
Is 53 a factor of 197952?
False
Is 82 a factor of 304302?
True
Is 165 a factor of 5306235?
True
Is 261327 a multiple of 118?
False
Is 49 a factor of 667577?
False
Is 2304352 a multiple of 107?
True
Is 139170 a multiple of 6?
True
Does 1398 divide 1214862?
True
Is 5558473 a multiple of 17?
True
Does 12 divide 69251?
False
Is 68850 a multiple of 76?
False
Does 268 divide 3289236?
False
Is 281 a factor of 4066070?
True
Does 40 divide 170721?
False
Is 21252 a multiple of 46?
True
Does 8 divide 139176?
True
Is 3315519 a multiple of 9?
True
Is 1053984 a multiple of 60?
False
Is 36 a factor of 2587032?
True
Is 30652960 a multiple of 32?
True
Does 4 divide 860992?
True
Is 6648210 a multiple of 42?
False
Is 13326 a multiple of 16?
False
Is 250 a factor of 724137?
False
Does 10 divide 589690?
True
Is 1975197 a multiple of 238?
False
Is 184 a factor of 14990?
False
Does 549 divide 1902285?
True
Is 9679096 a multiple of 1228?
True
Is 615502 a multiple of 35?
False
Is 160 a factor of 10611680?
True
Does 12 divide 477408?
True
Does 603 divide 151450?
False
Does 313 divide 607526?
False
Does 107 divide 207366?
True
Does 12 divide 5675112?
True
Is 782 a factor of 4236506?
False
Does 7 divide 383040?
True
Is 12988437 a multiple of 953?
True
Does 162 divide 8126884?
False
Is 12 a factor of 17806338?
False
Is 338 a factor of 64896?
True
Is 1111 a factor of 6212712?
True
Does 80 divide 5246720?
True
Is 8 a factor of 15435?
False
Does 37 divide 4746593?
False
Is 16070 even?
True
Does 18 divide 2274822?
True
Does 2 divide 428203?
False
Is 4524353 a multiple of 229?
True
Does 528 divide 257135?
False
Is 13595470 a multiple of 10?
True
Does 21 divide 16359?
True
Is 19 a factor of 422008?
False
Is 14 a factor of 26223?
False
Is 22758438 a multiple of 258?
True
Is 4742694 a multiple of 33?
True
Is 4711796 a multiple of 346?
False
Is 93 a factor of 81189?
True
Is 98 a factor of 5389118?
True
Is 143260 a multiple of 95?
True
Is 24 a factor of 2720774?
False
Is 429114 a multiple of 13?
False
Is 269304 a multiple of 21?
True
Is 870 a factor of 4215087?
False
Is 6 a factor of 2719061?
False
Is 3060863 a multiple of 178?
False
Is 203 a factor of 1729966?
True
Does 42 divide 13072?
False
Is 367 a factor of 3690919?
True
Is 26 a factor of 154778?
True
Does 189 divide 165186?
True
Does 20 divide 301176?
False
Is 2131208 a multiple of 8?
True
Is 14 a factor of 11102?
True
Is 525617 a multiple of 93?
False
Does 443 divide 2180340?
False
Does 190 divide 1362870?
True
Is 115 a factor of 657066?
False
Does 51 divide 172329?
True
Does 25 divide 20117?
False
Does 58 divide 1227329?
False
Is 175 a factor of 76927?
False
Is 8 a factor of 75880?
True
Is 366 a factor of 845954?
False
Is 80 a factor of 489520?
True
Is 7 a factor of 538566?
True
Does 10 divide 116150?
True
Does 641 divide 1197056?
False
Does 408 divide 831855?
False
Is 517427 a multiple of 78?
False
Is 154805 a multiple of 309?
False
Is 72375 a multiple of 75?
True
Is 470 a factor of 1469729?
False
Does 7 divide 32481?
False
Is 9614516 a multiple of 663?
False
Is 330600 a multiple of 8?
True
Does 124 divide 2194924?
True
Is 458 a factor of 1287438?
True
Is 731241 a multiple of 3?
True
Does 11 divide 1795839?
False
Is 294 a factor of 87024?
True
Does 23 divide 641286?
True
Is 60 a factor of 152220?
True
Does 22 divide 5118537?
False
Is 63684 a multiple of 122?
True
Does 10 divide 1357554?
False
Is 20 a factor of 13428239?
False
Is 365 a factor of 531785?
False
Is 37 a factor of 4950489?
True
Is 432971 a multiple of 250?
False
Is 38571 a multiple of 69?
True
Does 2 divide 721126?
True
Is 31 a factor of 47542?
False
Does 74 divide 128360?
False
Is 1346 a factor of 13255408?
True
Does 21 divide 541135?
False
Is 81018 a multiple of 18?
True
Is 50820 a multiple of 70?
True
Does 138 divide 53375?
False
Is 14841414 a multiple of 882?
True
Does 132 divide 1120020?
True
Is 1505280 a multiple of 112?
True
Does 426 divide 8587920?
False
Is 7 a factor of 30838?
False
Is 16429246 a multiple of 120?
False
Does 17 divide 290905?
False
Is 32 a factor of 231390?
False
Does 33 divide 68112?
True
Is 274356 a multiple of 7?
False
Is 859 a factor of 9451821?
False
Is 12 a factor of 251388?
True
Does 4 divide 44529?
False
Is 297536 a multiple of 9?
False
Is 337716 a multiple of 318?
True
Is 106880 a multiple of 80?
True
Does 4 divide 233833?
False
Does 314 divide 148647?
False
Does 408 divide 18768?
True
Is 158412 a multiple of 12?
True
Is 320773 a multiple of 29?
False
Does 160 divide 1609280?
True
Does 7 divide 424523?
False
Does 47 divide 13724?
True
Is 89 a factor of 35689?
True
Is 210741 a multiple of 353?
True
Is 116 a factor of 23317624?
True
Is 120054 a multiple of 4?
False
Does 9 divide 383679?
True
I